{"id":746,"date":"2024-01-20T10:34:39","date_gmt":"2024-01-20T10:34:39","guid":{"rendered":"https:\/\/laurenerolland.fr\/?page_id=746"},"modified":"2026-01-17T16:09:17","modified_gmt":"2026-01-17T16:09:17","slug":"natoos-birthday-x-highsociety","status":"publish","type":"page","link":"https:\/\/laurenerolland.fr\/?page_id=746","title":{"rendered":"Natoo&rsquo;s Birthday \nPyjama Party"},"content":{"rendered":"\n<div class=\"wp-block-columns is-layout-flex wp-container-core-columns-is-layout-1 wp-block-columns-is-layout-flex\">\n<div class=\"wp-block-column is-layout-flow wp-block-column-is-layout-flow\" style=\"flex-basis:33%\">\n<p class=\"has-small-font-size\" style=\"margin-top:10px;font-style:normal;font-weight:300;line-height:1.3\">Natoo est la premi\u00e8re YouTubeuse fran\u00e7aise. Elle cr\u00e9e sa cha\u00eene en 2011, qui compte 5,14 millions d&rsquo;abonn\u00e9s.<br><br>HighSociety participe en 2022 \u00e0 sa f\u00eate d&rsquo;anniversaire sur le th\u00e8me de la pyjama party. <br>Pour l&rsquo;occasion j&rsquo;ai r\u00e9alis\u00e9 un poster, une carte de chanvre \u00e0 semer, sa boite cadeau et une pochette en chanvre pour tous les invit\u00e9s.<\/p>\n<\/div>\n\n\n\n<div class=\"wp-block-column is-layout-flow wp-block-column-is-layout-flow\">\n<figure class=\"wp-block-image alignright size-full is-resized\"><img fetchpriority=\"high\" decoding=\"async\" width=\"999\" height=\"999\" src=\"http:\/\/laurenerolland.fr\/wp-content\/uploads\/2024\/02\/Natoo-birthday-1.jpg\" alt=\"\" class=\"wp-image-921\" style=\"width:555px\" srcset=\"https:\/\/laurenerolland.fr\/wp-content\/uploads\/2024\/02\/Natoo-birthday-1.jpg 999w, https:\/\/laurenerolland.fr\/wp-content\/uploads\/2024\/02\/Natoo-birthday-1-300x300.jpg 300w, https:\/\/laurenerolland.fr\/wp-content\/uploads\/2024\/02\/Natoo-birthday-1-150x150.jpg 150w, https:\/\/laurenerolland.fr\/wp-content\/uploads\/2024\/02\/Natoo-birthday-1-768x768.jpg 768w\" sizes=\"(max-width: 999px) 100vw, 999px\" \/><\/figure>\n<\/div>\n<\/div>\n\n\n\n<div class=\"wp-block-columns is-layout-flex wp-container-core-columns-is-layout-2 wp-block-columns-is-layout-flex\">\n<div class=\"wp-block-column is-layout-flow wp-block-column-is-layout-flow\">\n<figure class=\"wp-block-image size-full\"><img decoding=\"async\" width=\"746\" height=\"746\" src=\"http:\/\/laurenerolland.fr\/wp-content\/uploads\/2026\/01\/Pochon-Natoo-edited.jpg\" alt=\"\" class=\"wp-image-1234\" srcset=\"https:\/\/laurenerolland.fr\/wp-content\/uploads\/2026\/01\/Pochon-Natoo-edited.jpg 746w, https:\/\/laurenerolland.fr\/wp-content\/uploads\/2026\/01\/Pochon-Natoo-edited-300x300.jpg 300w, https:\/\/laurenerolland.fr\/wp-content\/uploads\/2026\/01\/Pochon-Natoo-edited-150x150.jpg 150w\" sizes=\"(max-width: 746px) 100vw, 746px\" \/><\/figure>\n<\/div>\n\n\n\n<div class=\"wp-block-column is-layout-flow wp-block-column-is-layout-flow\">\n<figure class=\"wp-block-image size-full\"><img decoding=\"async\" width=\"613\" height=\"613\" src=\"https:\/\/laurenerolland.fr\/wp-content\/uploads\/2024\/02\/natoo-birthday-2-1.jpg\" alt=\"\" class=\"wp-image-923\" srcset=\"https:\/\/laurenerolland.fr\/wp-content\/uploads\/2024\/02\/natoo-birthday-2-1.jpg 613w, https:\/\/laurenerolland.fr\/wp-content\/uploads\/2024\/02\/natoo-birthday-2-1-300x300.jpg 300w, https:\/\/laurenerolland.fr\/wp-content\/uploads\/2024\/02\/natoo-birthday-2-1-150x150.jpg 150w\" sizes=\"(max-width: 613px) 100vw, 613px\" \/><\/figure>\n<\/div>\n<\/div>\n\n\n\n<div class=\"wp-block-columns is-layout-flex wp-container-core-columns-is-layout-3 wp-block-columns-is-layout-flex\">\n<div class=\"wp-block-column is-layout-flow wp-block-column-is-layout-flow\" style=\"flex-basis:33.33%\">\n<figure class=\"wp-block-image size-large is-resized\"><img loading=\"lazy\" decoding=\"async\" width=\"1919\" height=\"2560\" src=\"https:\/\/laurenerolland.fr\/wp-content\/uploads\/2026\/01\/floral-frame-against-wall-1-edited-3-scaled.jpg\" alt=\"\" class=\"wp-image-1400\" style=\"width:313px;height:auto\" srcset=\"https:\/\/laurenerolland.fr\/wp-content\/uploads\/2026\/01\/floral-frame-against-wall-1-edited-3-scaled.jpg 1919w, https:\/\/laurenerolland.fr\/wp-content\/uploads\/2026\/01\/floral-frame-against-wall-1-edited-3-225x300.jpg 225w, https:\/\/laurenerolland.fr\/wp-content\/uploads\/2026\/01\/floral-frame-against-wall-1-edited-3-767x1024.jpg 767w, https:\/\/laurenerolland.fr\/wp-content\/uploads\/2026\/01\/floral-frame-against-wall-1-edited-3-768x1025.jpg 768w, https:\/\/laurenerolland.fr\/wp-content\/uploads\/2026\/01\/floral-frame-against-wall-1-edited-3-1151x1536.jpg 1151w, https:\/\/laurenerolland.fr\/wp-content\/uploads\/2026\/01\/floral-frame-against-wall-1-edited-3-1535x2048.jpg 1535w\" sizes=\"(max-width: 1919px) 100vw, 1919px\" \/><\/figure>\n<\/div>\n\n\n\n<div class=\"wp-block-column is-layout-flow wp-block-column-is-layout-flow\" style=\"flex-basis:66.66%\">\n<figure class=\"wp-block-image size-large\"><img loading=\"lazy\" decoding=\"async\" width=\"2560\" height=\"1440\" src=\"https:\/\/laurenerolland.fr\/wp-content\/uploads\/2026\/01\/Plan-de-travail-1-edited-5-scaled.jpg\" alt=\"\" class=\"wp-image-1398\" srcset=\"https:\/\/laurenerolland.fr\/wp-content\/uploads\/2026\/01\/Plan-de-travail-1-edited-5-scaled.jpg 2560w, https:\/\/laurenerolland.fr\/wp-content\/uploads\/2026\/01\/Plan-de-travail-1-edited-5-300x169.jpg 300w, https:\/\/laurenerolland.fr\/wp-content\/uploads\/2026\/01\/Plan-de-travail-1-edited-5-1024x576.jpg 1024w, https:\/\/laurenerolland.fr\/wp-content\/uploads\/2026\/01\/Plan-de-travail-1-edited-5-768x432.jpg 768w, https:\/\/laurenerolland.fr\/wp-content\/uploads\/2026\/01\/Plan-de-travail-1-edited-5-1536x864.jpg 1536w, https:\/\/laurenerolland.fr\/wp-content\/uploads\/2026\/01\/Plan-de-travail-1-edited-5-2048x1152.jpg 2048w\" sizes=\"(max-width: 2560px) 100vw, 2560px\" \/><\/figure>\n<\/div>\n<\/div>\n\n\n\n<div class=\"wp-block-columns is-layout-flex wp-container-core-columns-is-layout-4 wp-block-columns-is-layout-flex\">\n<div class=\"wp-block-column is-layout-flow wp-block-column-is-layout-flow\">\n<figure class=\"wp-block-image size-large\"><img loading=\"lazy\" decoding=\"async\" width=\"2560\" height=\"2560\" src=\"https:\/\/laurenerolland.fr\/wp-content\/uploads\/2026\/01\/blank-paper-card-carton-background-close-view-3d-render-edited-scaled.jpg\" alt=\"\" class=\"wp-image-1239\" srcset=\"https:\/\/laurenerolland.fr\/wp-content\/uploads\/2026\/01\/blank-paper-card-carton-background-close-view-3d-render-edited-scaled.jpg 2560w, https:\/\/laurenerolland.fr\/wp-content\/uploads\/2026\/01\/blank-paper-card-carton-background-close-view-3d-render-edited-300x300.jpg 300w, https:\/\/laurenerolland.fr\/wp-content\/uploads\/2026\/01\/blank-paper-card-carton-background-close-view-3d-render-edited-1024x1024.jpg 1024w, https:\/\/laurenerolland.fr\/wp-content\/uploads\/2026\/01\/blank-paper-card-carton-background-close-view-3d-render-edited-150x150.jpg 150w, https:\/\/laurenerolland.fr\/wp-content\/uploads\/2026\/01\/blank-paper-card-carton-background-close-view-3d-render-edited-768x768.jpg 768w, https:\/\/laurenerolland.fr\/wp-content\/uploads\/2026\/01\/blank-paper-card-carton-background-close-view-3d-render-edited-1536x1536.jpg 1536w, https:\/\/laurenerolland.fr\/wp-content\/uploads\/2026\/01\/blank-paper-card-carton-background-close-view-3d-render-edited-2048x2048.jpg 2048w\" sizes=\"(max-width: 2560px) 100vw, 2560px\" \/><\/figure>\n<\/div>\n\n\n\n<div class=\"wp-block-column is-layout-flow wp-block-column-is-layout-flow\">\n<figure class=\"wp-block-image size-large\"><img loading=\"lazy\" decoding=\"async\" width=\"2560\" height=\"2560\" src=\"https:\/\/laurenerolland.fr\/wp-content\/uploads\/2026\/01\/5BBF9159-6A5D-4BA8-B5FE-80A86CE55875-edited-scaled.jpg\" alt=\"\" class=\"wp-image-1248\" srcset=\"https:\/\/laurenerolland.fr\/wp-content\/uploads\/2026\/01\/5BBF9159-6A5D-4BA8-B5FE-80A86CE55875-edited-scaled.jpg 2560w, https:\/\/laurenerolland.fr\/wp-content\/uploads\/2026\/01\/5BBF9159-6A5D-4BA8-B5FE-80A86CE55875-edited-300x300.jpg 300w, https:\/\/laurenerolland.fr\/wp-content\/uploads\/2026\/01\/5BBF9159-6A5D-4BA8-B5FE-80A86CE55875-edited-1024x1024.jpg 1024w, https:\/\/laurenerolland.fr\/wp-content\/uploads\/2026\/01\/5BBF9159-6A5D-4BA8-B5FE-80A86CE55875-edited-150x150.jpg 150w, https:\/\/laurenerolland.fr\/wp-content\/uploads\/2026\/01\/5BBF9159-6A5D-4BA8-B5FE-80A86CE55875-edited-768x768.jpg 768w, https:\/\/laurenerolland.fr\/wp-content\/uploads\/2026\/01\/5BBF9159-6A5D-4BA8-B5FE-80A86CE55875-edited-1536x1536.jpg 1536w, https:\/\/laurenerolland.fr\/wp-content\/uploads\/2026\/01\/5BBF9159-6A5D-4BA8-B5FE-80A86CE55875-edited-2048x2048.jpg 2048w\" sizes=\"(max-width: 2560px) 100vw, 2560px\" \/><\/figure>\n<\/div>\n<\/div>\n","protected":false},"excerpt":{"rendered":"<p>Natoo est la premi\u00e8re YouTubeuse fran\u00e7aise. Elle cr\u00e9e sa cha\u00eene en 2011, qui compte 5,14 millions d&rsquo;abonn\u00e9s. HighSociety participe en 2022 \u00e0 sa f\u00eate d&rsquo;anniversaire sur le th\u00e8me de la pyjama party. Pour l&rsquo;occasion j&rsquo;ai r\u00e9alis\u00e9 un poster, une carte de chanvre \u00e0 semer, sa boite cadeau et une pochette en chanvre pour tous les [&hellip;]<\/p>\n","protected":false},"author":1,"featured_media":0,"parent":0,"menu_order":0,"comment_status":"closed","ping_status":"closed","template":"","meta":{"footnotes":""},"class_list":["post-746","page","type-page","status-publish","hentry"],"_links":{"self":[{"href":"https:\/\/laurenerolland.fr\/index.php?rest_route=\/wp\/v2\/pages\/746","targetHints":{"allow":["GET"]}}],"collection":[{"href":"https:\/\/laurenerolland.fr\/index.php?rest_route=\/wp\/v2\/pages"}],"about":[{"href":"https:\/\/laurenerolland.fr\/index.php?rest_route=\/wp\/v2\/types\/page"}],"author":[{"embeddable":true,"href":"https:\/\/laurenerolland.fr\/index.php?rest_route=\/wp\/v2\/users\/1"}],"replies":[{"embeddable":true,"href":"https:\/\/laurenerolland.fr\/index.php?rest_route=%2Fwp%2Fv2%2Fcomments&post=746"}],"version-history":[{"count":42,"href":"https:\/\/laurenerolland.fr\/index.php?rest_route=\/wp\/v2\/pages\/746\/revisions"}],"predecessor-version":[{"id":1449,"href":"https:\/\/laurenerolland.fr\/index.php?rest_route=\/wp\/v2\/pages\/746\/revisions\/1449"}],"wp:attachment":[{"href":"https:\/\/laurenerolland.fr\/index.php?rest_route=%2Fwp%2Fv2%2Fmedia&parent=746"}],"curies":[{"name":"wp","href":"https:\/\/api.w.org\/{rel}","templated":true}]}}