{"id":150,"date":"2023-07-01T13:43:16","date_gmt":"2023-07-01T13:43:16","guid":{"rendered":"https:\/\/laurenerolland.fr\/?page_id=150"},"modified":"2026-01-17T16:04:35","modified_gmt":"2026-01-17T16:04:35","slug":"highsociety-packaging","status":"publish","type":"page","link":"https:\/\/laurenerolland.fr\/?page_id=150","title":{"rendered":"Cigarettes au chanvre"},"content":{"rendered":"\n<div class=\"wp-block-columns is-layout-flex wp-container-core-columns-is-layout-1 wp-block-columns-is-layout-flex\">\n<div class=\"wp-block-column is-layout-flow wp-block-column-is-layout-flow\" style=\"flex-basis:33%\">\n<p style=\"font-size:clamp(14px, 0.875rem + ((1vw - 3.2px) * 0.185), 16px);font-style:normal;font-weight:100\">HighSociety, pionni\u00e8re du CBD en France, est une marque engag\u00e9e qui pr\u00f4ne une approche informative aupr\u00e8s du grand public sur les diff\u00e9rentes applications et vertus de la plante de chanvre.<\/p>\n<\/div>\n\n\n\n<div class=\"wp-block-column is-layout-flow wp-block-column-is-layout-flow\">\n<figure class=\"wp-block-image alignright size-large is-resized\"><img fetchpriority=\"high\" decoding=\"async\" width=\"1019\" height=\"1024\" src=\"https:\/\/laurenerolland.fr\/wp-content\/uploads\/2023\/09\/Pic_1_1_Prerolls-1019x1024.png\" alt=\"\" class=\"wp-image-526\" style=\"width:555px\" srcset=\"https:\/\/laurenerolland.fr\/wp-content\/uploads\/2023\/09\/Pic_1_1_Prerolls-1019x1024.png 1019w, https:\/\/laurenerolland.fr\/wp-content\/uploads\/2023\/09\/Pic_1_1_Prerolls-300x300.png 300w, https:\/\/laurenerolland.fr\/wp-content\/uploads\/2023\/09\/Pic_1_1_Prerolls-150x150.png 150w, https:\/\/laurenerolland.fr\/wp-content\/uploads\/2023\/09\/Pic_1_1_Prerolls-768x772.png 768w, https:\/\/laurenerolland.fr\/wp-content\/uploads\/2023\/09\/Pic_1_1_Prerolls-1529x1536.png 1529w, https:\/\/laurenerolland.fr\/wp-content\/uploads\/2023\/09\/Pic_1_1_Prerolls-2038x2048.png 2038w\" sizes=\"(max-width: 1019px) 100vw, 1019px\" \/><\/figure>\n<\/div>\n<\/div>\n\n\n\n<figure class=\"wp-block-image size-large is-resized\"><img decoding=\"async\" width=\"6540\" height=\"3681\" src=\"https:\/\/laurenerolland.fr\/wp-content\/uploads\/2026\/01\/Pic_9_16_Prerolls-edited.png\" alt=\"\" class=\"wp-image-1436\" style=\"width:1140px;height:auto\" srcset=\"https:\/\/laurenerolland.fr\/wp-content\/uploads\/2026\/01\/Pic_9_16_Prerolls-edited.png 6540w, https:\/\/laurenerolland.fr\/wp-content\/uploads\/2026\/01\/Pic_9_16_Prerolls-edited-300x169.png 300w, https:\/\/laurenerolland.fr\/wp-content\/uploads\/2026\/01\/Pic_9_16_Prerolls-edited-1024x576.png 1024w, https:\/\/laurenerolland.fr\/wp-content\/uploads\/2026\/01\/Pic_9_16_Prerolls-edited-768x432.png 768w, https:\/\/laurenerolland.fr\/wp-content\/uploads\/2026\/01\/Pic_9_16_Prerolls-edited-1536x865.png 1536w, https:\/\/laurenerolland.fr\/wp-content\/uploads\/2026\/01\/Pic_9_16_Prerolls-edited-2048x1153.png 2048w\" sizes=\"(max-width: 6540px) 100vw, 6540px\" \/><\/figure>\n","protected":false},"excerpt":{"rendered":"<p>HighSociety, pionni\u00e8re du CBD en France, est une marque engag\u00e9e qui pr\u00f4ne une approche informative aupr\u00e8s du grand public sur les diff\u00e9rentes applications et vertus de la plante de chanvre.<\/p>\n","protected":false},"author":1,"featured_media":0,"parent":0,"menu_order":0,"comment_status":"closed","ping_status":"closed","template":"","meta":{"footnotes":""},"class_list":["post-150","page","type-page","status-publish","hentry"],"_links":{"self":[{"href":"https:\/\/laurenerolland.fr\/index.php?rest_route=\/wp\/v2\/pages\/150","targetHints":{"allow":["GET"]}}],"collection":[{"href":"https:\/\/laurenerolland.fr\/index.php?rest_route=\/wp\/v2\/pages"}],"about":[{"href":"https:\/\/laurenerolland.fr\/index.php?rest_route=\/wp\/v2\/types\/page"}],"author":[{"embeddable":true,"href":"https:\/\/laurenerolland.fr\/index.php?rest_route=\/wp\/v2\/users\/1"}],"replies":[{"embeddable":true,"href":"https:\/\/laurenerolland.fr\/index.php?rest_route=%2Fwp%2Fv2%2Fcomments&post=150"}],"version-history":[{"count":13,"href":"https:\/\/laurenerolland.fr\/index.php?rest_route=\/wp\/v2\/pages\/150\/revisions"}],"predecessor-version":[{"id":1438,"href":"https:\/\/laurenerolland.fr\/index.php?rest_route=\/wp\/v2\/pages\/150\/revisions\/1438"}],"wp:attachment":[{"href":"https:\/\/laurenerolland.fr\/index.php?rest_route=%2Fwp%2Fv2%2Fmedia&parent=150"}],"curies":[{"name":"wp","href":"https:\/\/api.w.org\/{rel}","templated":true}]}}