{"id":1453,"date":"2026-01-17T16:18:09","date_gmt":"2026-01-17T16:18:09","guid":{"rendered":"https:\/\/laurenerolland.fr\/?page_id=1453"},"modified":"2026-01-18T15:15:46","modified_gmt":"2026-01-18T15:15:46","slug":"la-ciotat","status":"publish","type":"page","link":"https:\/\/laurenerolland.fr\/?page_id=1453","title":{"rendered":"La Ciotat"},"content":{"rendered":"\n<div class=\"wp-block-columns is-layout-flex wp-container-core-columns-is-layout-1 wp-block-columns-is-layout-flex\">\n<div class=\"wp-block-column is-layout-flow wp-block-column-is-layout-flow\" style=\"flex-basis:33%\">\n<p class=\"has-small-font-size\">Pour la boutique <strong>Print &amp; Vous<\/strong>, j\u2019ai r\u00e9alis\u00e9 une s\u00e9rie d\u2019illustrations autour du th\u00e8me de <strong>La Ciotat<\/strong>, ville embl\u00e9matique du littoral m\u00e9diterran\u00e9en.<br>Ce projet avait pour objectif de traduire l\u2019identit\u00e9 et l\u2019atmosph\u00e8re du lieu \u00e0 travers des compositions graphiques sensibles, en s\u2019appuyant sur des <strong>r\u00e9f\u00e9rences graphiques inspir\u00e9es des affiches anciennes et de l\u2019iconographie locale<\/strong>.<br><br>Le travail des couleurs, des formes et des textures \u00e9voque une esth\u00e9tique intemporelle, faisant \u00e9cho \u00e0 la m\u00e9moire visuelle du territoire.<br>Inspir\u00e9es par le paysage, l\u2019architecture et la mer, ces illustrations proposent une interpr\u00e9tation po\u00e9tique et durable de La Ciotat<br><br>Pens\u00e9es pour \u00eatre d\u00e9clin\u00e9es en affiches et objets imprim\u00e9s, ces cr\u00e9ations allient lisibilit\u00e9, caract\u00e8re et ancrage local, tout en s\u2019inscrivant dans l\u2019univers graphique de la boutique.<\/p>\n<\/div>\n\n\n\n<div class=\"wp-block-column is-layout-flow wp-block-column-is-layout-flow\">\n<figure class=\"wp-block-image alignright size-large is-resized\"><img fetchpriority=\"high\" decoding=\"async\" width=\"731\" height=\"1024\" src=\"http:\/\/laurenerolland.fr\/wp-content\/uploads\/2024\/12\/WhatsApp-Image-2024-11-15-at-15.40.07-731x1024.jpeg\" alt=\"\" class=\"wp-image-1097\" style=\"width:555px\" srcset=\"https:\/\/laurenerolland.fr\/wp-content\/uploads\/2024\/12\/WhatsApp-Image-2024-11-15-at-15.40.07-731x1024.jpeg 731w, https:\/\/laurenerolland.fr\/wp-content\/uploads\/2024\/12\/WhatsApp-Image-2024-11-15-at-15.40.07-214x300.jpeg 214w, https:\/\/laurenerolland.fr\/wp-content\/uploads\/2024\/12\/WhatsApp-Image-2024-11-15-at-15.40.07-768x1076.jpeg 768w, https:\/\/laurenerolland.fr\/wp-content\/uploads\/2024\/12\/WhatsApp-Image-2024-11-15-at-15.40.07.jpeg 914w\" sizes=\"(max-width: 731px) 100vw, 731px\" \/><\/figure>\n<\/div>\n<\/div>\n\n\n\n<div class=\"wp-block-columns is-layout-flex wp-container-core-columns-is-layout-2 wp-block-columns-is-layout-flex\">\n<div class=\"wp-block-column is-layout-flow wp-block-column-is-layout-flow\">\n<figure class=\"wp-block-image size-large\"><img decoding=\"async\" width=\"731\" height=\"1024\" src=\"http:\/\/laurenerolland.fr\/wp-content\/uploads\/2024\/12\/WhatsApp-Image-2024-11-15-at-15.40.06-731x1024.jpeg\" alt=\"\" class=\"wp-image-1095\" srcset=\"https:\/\/laurenerolland.fr\/wp-content\/uploads\/2024\/12\/WhatsApp-Image-2024-11-15-at-15.40.06-731x1024.jpeg 731w, https:\/\/laurenerolland.fr\/wp-content\/uploads\/2024\/12\/WhatsApp-Image-2024-11-15-at-15.40.06-214x300.jpeg 214w, https:\/\/laurenerolland.fr\/wp-content\/uploads\/2024\/12\/WhatsApp-Image-2024-11-15-at-15.40.06-768x1076.jpeg 768w, https:\/\/laurenerolland.fr\/wp-content\/uploads\/2024\/12\/WhatsApp-Image-2024-11-15-at-15.40.06.jpeg 914w\" sizes=\"(max-width: 731px) 100vw, 731px\" \/><\/figure>\n<\/div>\n\n\n\n<div class=\"wp-block-column is-layout-flow wp-block-column-is-layout-flow\">\n<figure class=\"wp-block-image size-large\"><img decoding=\"async\" width=\"731\" height=\"1024\" src=\"http:\/\/laurenerolland.fr\/wp-content\/uploads\/2024\/12\/WhatsApp-Image-2024-11-15-at-15.40.07-1-731x1024.jpeg\" alt=\"\" class=\"wp-image-1096\" srcset=\"https:\/\/laurenerolland.fr\/wp-content\/uploads\/2024\/12\/WhatsApp-Image-2024-11-15-at-15.40.07-1-731x1024.jpeg 731w, https:\/\/laurenerolland.fr\/wp-content\/uploads\/2024\/12\/WhatsApp-Image-2024-11-15-at-15.40.07-1-214x300.jpeg 214w, https:\/\/laurenerolland.fr\/wp-content\/uploads\/2024\/12\/WhatsApp-Image-2024-11-15-at-15.40.07-1-768x1076.jpeg 768w, https:\/\/laurenerolland.fr\/wp-content\/uploads\/2024\/12\/WhatsApp-Image-2024-11-15-at-15.40.07-1.jpeg 914w\" sizes=\"(max-width: 731px) 100vw, 731px\" \/><\/figure>\n<\/div>\n\n\n\n<div class=\"wp-block-column is-layout-flow wp-block-column-is-layout-flow\">\n<figure class=\"wp-block-image size-large\"><img loading=\"lazy\" decoding=\"async\" width=\"731\" height=\"1024\" src=\"https:\/\/laurenerolland.fr\/wp-content\/uploads\/2026\/01\/Plan-de-travail-1-1-731x1024.jpg\" alt=\"\" class=\"wp-image-1457\" srcset=\"https:\/\/laurenerolland.fr\/wp-content\/uploads\/2026\/01\/Plan-de-travail-1-1-731x1024.jpg 731w, https:\/\/laurenerolland.fr\/wp-content\/uploads\/2026\/01\/Plan-de-travail-1-1-214x300.jpg 214w, https:\/\/laurenerolland.fr\/wp-content\/uploads\/2026\/01\/Plan-de-travail-1-1-768x1075.jpg 768w, https:\/\/laurenerolland.fr\/wp-content\/uploads\/2026\/01\/Plan-de-travail-1-1-1097x1536.jpg 1097w, https:\/\/laurenerolland.fr\/wp-content\/uploads\/2026\/01\/Plan-de-travail-1-1-1463x2048.jpg 1463w, https:\/\/laurenerolland.fr\/wp-content\/uploads\/2026\/01\/Plan-de-travail-1-1-scaled.jpg 1829w\" sizes=\"(max-width: 731px) 100vw, 731px\" \/><\/figure>\n<\/div>\n<\/div>\n\n\n\n<div class=\"wp-block-columns is-layout-flex wp-container-core-columns-is-layout-3 wp-block-columns-is-layout-flex\">\n<div class=\"wp-block-column is-layout-flow wp-block-column-is-layout-flow\">\n<figure class=\"wp-block-image size-large\"><img loading=\"lazy\" decoding=\"async\" width=\"731\" height=\"1024\" src=\"http:\/\/laurenerolland.fr\/wp-content\/uploads\/2024\/12\/WhatsApp-Image-2024-11-15-at-15.40.06-1-731x1024.jpeg\" alt=\"\" class=\"wp-image-1098\" srcset=\"https:\/\/laurenerolland.fr\/wp-content\/uploads\/2024\/12\/WhatsApp-Image-2024-11-15-at-15.40.06-1-731x1024.jpeg 731w, https:\/\/laurenerolland.fr\/wp-content\/uploads\/2024\/12\/WhatsApp-Image-2024-11-15-at-15.40.06-1-214x300.jpeg 214w, https:\/\/laurenerolland.fr\/wp-content\/uploads\/2024\/12\/WhatsApp-Image-2024-11-15-at-15.40.06-1-768x1076.jpeg 768w, https:\/\/laurenerolland.fr\/wp-content\/uploads\/2024\/12\/WhatsApp-Image-2024-11-15-at-15.40.06-1.jpeg 914w\" sizes=\"(max-width: 731px) 100vw, 731px\" \/><\/figure>\n<\/div>\n\n\n\n<div class=\"wp-block-column is-layout-flow wp-block-column-is-layout-flow\">\n<figure class=\"wp-block-image size-large\"><img loading=\"lazy\" decoding=\"async\" width=\"731\" height=\"1024\" src=\"https:\/\/laurenerolland.fr\/wp-content\/uploads\/2026\/01\/Plan-de-travail-2-731x1024.jpg\" alt=\"\" class=\"wp-image-1456\" srcset=\"https:\/\/laurenerolland.fr\/wp-content\/uploads\/2026\/01\/Plan-de-travail-2-731x1024.jpg 731w, https:\/\/laurenerolland.fr\/wp-content\/uploads\/2026\/01\/Plan-de-travail-2-214x300.jpg 214w, https:\/\/laurenerolland.fr\/wp-content\/uploads\/2026\/01\/Plan-de-travail-2-768x1075.jpg 768w, https:\/\/laurenerolland.fr\/wp-content\/uploads\/2026\/01\/Plan-de-travail-2-1097x1536.jpg 1097w, https:\/\/laurenerolland.fr\/wp-content\/uploads\/2026\/01\/Plan-de-travail-2-1463x2048.jpg 1463w, https:\/\/laurenerolland.fr\/wp-content\/uploads\/2026\/01\/Plan-de-travail-2-scaled.jpg 1829w\" sizes=\"(max-width: 731px) 100vw, 731px\" \/><\/figure>\n<\/div>\n<\/div>\n","protected":false},"excerpt":{"rendered":"<p>Pour la boutique Print &amp; Vous, j\u2019ai r\u00e9alis\u00e9 une s\u00e9rie d\u2019illustrations autour du th\u00e8me de La Ciotat, ville embl\u00e9matique du littoral m\u00e9diterran\u00e9en.Ce projet avait pour objectif de traduire l\u2019identit\u00e9 et l\u2019atmosph\u00e8re du lieu \u00e0 travers des compositions graphiques sensibles, en s\u2019appuyant sur des r\u00e9f\u00e9rences graphiques inspir\u00e9es des affiches anciennes et de l\u2019iconographie locale. Le travail [&hellip;]<\/p>\n","protected":false},"author":1,"featured_media":0,"parent":0,"menu_order":0,"comment_status":"closed","ping_status":"closed","template":"","meta":{"footnotes":""},"class_list":["post-1453","page","type-page","status-publish","hentry"],"_links":{"self":[{"href":"https:\/\/laurenerolland.fr\/index.php?rest_route=\/wp\/v2\/pages\/1453","targetHints":{"allow":["GET"]}}],"collection":[{"href":"https:\/\/laurenerolland.fr\/index.php?rest_route=\/wp\/v2\/pages"}],"about":[{"href":"https:\/\/laurenerolland.fr\/index.php?rest_route=\/wp\/v2\/types\/page"}],"author":[{"embeddable":true,"href":"https:\/\/laurenerolland.fr\/index.php?rest_route=\/wp\/v2\/users\/1"}],"replies":[{"embeddable":true,"href":"https:\/\/laurenerolland.fr\/index.php?rest_route=%2Fwp%2Fv2%2Fcomments&post=1453"}],"version-history":[{"count":6,"href":"https:\/\/laurenerolland.fr\/index.php?rest_route=\/wp\/v2\/pages\/1453\/revisions"}],"predecessor-version":[{"id":1466,"href":"https:\/\/laurenerolland.fr\/index.php?rest_route=\/wp\/v2\/pages\/1453\/revisions\/1466"}],"wp:attachment":[{"href":"https:\/\/laurenerolland.fr\/index.php?rest_route=%2Fwp%2Fv2%2Fmedia&parent=1453"}],"curies":[{"name":"wp","href":"https:\/\/api.w.org\/{rel}","templated":true}]}}