{"id":1162,"date":"2025-02-04T17:37:12","date_gmt":"2025-02-04T17:37:12","guid":{"rendered":"https:\/\/laurenerolland.fr\/?page_id=1162"},"modified":"2026-01-17T16:08:58","modified_gmt":"2026-01-17T16:08:58","slug":"barbotyne","status":"publish","type":"page","link":"https:\/\/laurenerolland.fr\/?page_id=1162","title":{"rendered":"Barbotyne"},"content":{"rendered":"\n<div class=\"wp-block-columns is-layout-flex wp-container-core-columns-is-layout-1 wp-block-columns-is-layout-flex\">\n<div class=\"wp-block-column is-layout-flow wp-block-column-is-layout-flow\" style=\"flex-basis:33%\">\n<p class=\"has-small-font-size\" style=\"margin-top:14px;margin-bottom:14px;font-style:normal;font-weight:300;line-height:1.3\">Pour son premier \u00e9t\u00e9 \u00e0 Marseille, Barbotyne, l\u2019un des premiers caf\u00e9s-c\u00e9ramique de la ville, a lanc\u00e9 un kit nomade de peinture sur c\u00e9ramique. <br><br>J\u2019ai eu le plaisir de cr\u00e9er une s\u00e9rie de stickers illustr\u00e9s repr\u00e9sentant des lieux embl\u00e9matiques o\u00f9 pratiquer cette activit\u00e9, seul ou entre amis. Un projet m\u00ealant illustration et design graphique pour enrichir l\u2019univers cr\u00e9atif et nomade de Barbotyne.<\/p>\n<\/div>\n\n\n\n<div class=\"wp-block-column is-layout-flow wp-block-column-is-layout-flow\">\n<figure class=\"wp-block-image alignright size-large is-resized\"><img fetchpriority=\"high\" decoding=\"async\" width=\"918\" height=\"912\" src=\"https:\/\/laurenerolland.fr\/wp-content\/uploads\/2025\/02\/IMG_0412-1-edited.jpeg\" alt=\"\" class=\"wp-image-1173\" style=\"width:555px\" srcset=\"https:\/\/laurenerolland.fr\/wp-content\/uploads\/2025\/02\/IMG_0412-1-edited.jpeg 918w, https:\/\/laurenerolland.fr\/wp-content\/uploads\/2025\/02\/IMG_0412-1-edited-300x298.jpeg 300w, https:\/\/laurenerolland.fr\/wp-content\/uploads\/2025\/02\/IMG_0412-1-edited-150x150.jpeg 150w, https:\/\/laurenerolland.fr\/wp-content\/uploads\/2025\/02\/IMG_0412-1-edited-768x763.jpeg 768w\" sizes=\"(max-width: 918px) 100vw, 918px\" \/><\/figure>\n<\/div>\n<\/div>\n\n\n\n<figure class=\"wp-block-image size-large\"><img decoding=\"async\" width=\"1828\" height=\"1027\" src=\"https:\/\/laurenerolland.fr\/wp-content\/uploads\/2025\/02\/Sticker_Barbotyne_Plage_220x95mm-copie-edited.jpg\" alt=\"\" class=\"wp-image-1171\" srcset=\"https:\/\/laurenerolland.fr\/wp-content\/uploads\/2025\/02\/Sticker_Barbotyne_Plage_220x95mm-copie-edited.jpg 1828w, https:\/\/laurenerolland.fr\/wp-content\/uploads\/2025\/02\/Sticker_Barbotyne_Plage_220x95mm-copie-edited-300x169.jpg 300w, https:\/\/laurenerolland.fr\/wp-content\/uploads\/2025\/02\/Sticker_Barbotyne_Plage_220x95mm-copie-edited-1024x575.jpg 1024w, https:\/\/laurenerolland.fr\/wp-content\/uploads\/2025\/02\/Sticker_Barbotyne_Plage_220x95mm-copie-edited-768x431.jpg 768w, https:\/\/laurenerolland.fr\/wp-content\/uploads\/2025\/02\/Sticker_Barbotyne_Plage_220x95mm-copie-edited-1536x863.jpg 1536w\" sizes=\"(max-width: 1828px) 100vw, 1828px\" \/><\/figure>\n\n\n\n<figure class=\"wp-block-image size-full\"><img decoding=\"async\" width=\"2560\" height=\"1013\" src=\"https:\/\/laurenerolland.fr\/wp-content\/uploads\/2025\/02\/Notice-Barbotyne-1-scaled.jpg\" alt=\"\" class=\"wp-image-1177\" srcset=\"https:\/\/laurenerolland.fr\/wp-content\/uploads\/2025\/02\/Notice-Barbotyne-1-scaled.jpg 2560w, https:\/\/laurenerolland.fr\/wp-content\/uploads\/2025\/02\/Notice-Barbotyne-1-300x119.jpg 300w, https:\/\/laurenerolland.fr\/wp-content\/uploads\/2025\/02\/Notice-Barbotyne-1-1024x405.jpg 1024w, https:\/\/laurenerolland.fr\/wp-content\/uploads\/2025\/02\/Notice-Barbotyne-1-768x304.jpg 768w, https:\/\/laurenerolland.fr\/wp-content\/uploads\/2025\/02\/Notice-Barbotyne-1-1536x608.jpg 1536w, https:\/\/laurenerolland.fr\/wp-content\/uploads\/2025\/02\/Notice-Barbotyne-1-2048x810.jpg 2048w\" sizes=\"(max-width: 2560px) 100vw, 2560px\" \/><\/figure>\n\n\n\n<div class=\"wp-block-columns is-layout-flex wp-container-core-columns-is-layout-2 wp-block-columns-is-layout-flex\">\n<div class=\"wp-block-column is-layout-flow wp-block-column-is-layout-flow\">\n<figure class=\"wp-block-image size-large\"><img loading=\"lazy\" decoding=\"async\" width=\"1024\" height=\"1014\" src=\"https:\/\/laurenerolland.fr\/wp-content\/uploads\/2025\/02\/Plan-de-travail-1-1024x1014.jpg\" alt=\"\" class=\"wp-image-1174\" srcset=\"https:\/\/laurenerolland.fr\/wp-content\/uploads\/2025\/02\/Plan-de-travail-1-1024x1014.jpg 1024w, https:\/\/laurenerolland.fr\/wp-content\/uploads\/2025\/02\/Plan-de-travail-1-300x297.jpg 300w, https:\/\/laurenerolland.fr\/wp-content\/uploads\/2025\/02\/Plan-de-travail-1-150x150.jpg 150w, https:\/\/laurenerolland.fr\/wp-content\/uploads\/2025\/02\/Plan-de-travail-1-768x761.jpg 768w, https:\/\/laurenerolland.fr\/wp-content\/uploads\/2025\/02\/Plan-de-travail-1.jpg 1170w\" sizes=\"(max-width: 1024px) 100vw, 1024px\" \/><\/figure>\n<\/div>\n\n\n\n<div class=\"wp-block-column is-layout-flow wp-block-column-is-layout-flow\">\n<figure class=\"wp-block-image size-large\"><img loading=\"lazy\" decoding=\"async\" width=\"1024\" height=\"1014\" src=\"https:\/\/laurenerolland.fr\/wp-content\/uploads\/2025\/02\/Plan-de-travail-2-1024x1014.jpg\" alt=\"\" class=\"wp-image-1175\" srcset=\"https:\/\/laurenerolland.fr\/wp-content\/uploads\/2025\/02\/Plan-de-travail-2-1024x1014.jpg 1024w, https:\/\/laurenerolland.fr\/wp-content\/uploads\/2025\/02\/Plan-de-travail-2-300x297.jpg 300w, https:\/\/laurenerolland.fr\/wp-content\/uploads\/2025\/02\/Plan-de-travail-2-150x150.jpg 150w, https:\/\/laurenerolland.fr\/wp-content\/uploads\/2025\/02\/Plan-de-travail-2-768x761.jpg 768w, https:\/\/laurenerolland.fr\/wp-content\/uploads\/2025\/02\/Plan-de-travail-2.jpg 1170w\" sizes=\"(max-width: 1024px) 100vw, 1024px\" \/><\/figure>\n<\/div>\n<\/div>\n\n\n\n<figure class=\"wp-block-image size-large\"><img loading=\"lazy\" decoding=\"async\" width=\"1828\" height=\"1027\" src=\"https:\/\/laurenerolland.fr\/wp-content\/uploads\/2025\/02\/Sticker_Barbotyne_Terrasse_220x95mm-copie-edited.jpg\" alt=\"\" class=\"wp-image-1172\" srcset=\"https:\/\/laurenerolland.fr\/wp-content\/uploads\/2025\/02\/Sticker_Barbotyne_Terrasse_220x95mm-copie-edited.jpg 1828w, https:\/\/laurenerolland.fr\/wp-content\/uploads\/2025\/02\/Sticker_Barbotyne_Terrasse_220x95mm-copie-edited-300x169.jpg 300w, https:\/\/laurenerolland.fr\/wp-content\/uploads\/2025\/02\/Sticker_Barbotyne_Terrasse_220x95mm-copie-edited-1024x575.jpg 1024w, https:\/\/laurenerolland.fr\/wp-content\/uploads\/2025\/02\/Sticker_Barbotyne_Terrasse_220x95mm-copie-edited-768x431.jpg 768w, https:\/\/laurenerolland.fr\/wp-content\/uploads\/2025\/02\/Sticker_Barbotyne_Terrasse_220x95mm-copie-edited-1536x863.jpg 1536w\" sizes=\"(max-width: 1828px) 100vw, 1828px\" \/><\/figure>\n","protected":false},"excerpt":{"rendered":"<p>Pour son premier \u00e9t\u00e9 \u00e0 Marseille, Barbotyne, l\u2019un des premiers caf\u00e9s-c\u00e9ramique de la ville, a lanc\u00e9 un kit nomade de peinture sur c\u00e9ramique. J\u2019ai eu le plaisir de cr\u00e9er une s\u00e9rie de stickers illustr\u00e9s repr\u00e9sentant des lieux embl\u00e9matiques o\u00f9 pratiquer cette activit\u00e9, seul ou entre amis. Un projet m\u00ealant illustration et design graphique pour enrichir [&hellip;]<\/p>\n","protected":false},"author":1,"featured_media":0,"parent":0,"menu_order":0,"comment_status":"closed","ping_status":"closed","template":"","meta":{"footnotes":""},"class_list":["post-1162","page","type-page","status-publish","hentry"],"_links":{"self":[{"href":"https:\/\/laurenerolland.fr\/index.php?rest_route=\/wp\/v2\/pages\/1162","targetHints":{"allow":["GET"]}}],"collection":[{"href":"https:\/\/laurenerolland.fr\/index.php?rest_route=\/wp\/v2\/pages"}],"about":[{"href":"https:\/\/laurenerolland.fr\/index.php?rest_route=\/wp\/v2\/types\/page"}],"author":[{"embeddable":true,"href":"https:\/\/laurenerolland.fr\/index.php?rest_route=\/wp\/v2\/users\/1"}],"replies":[{"embeddable":true,"href":"https:\/\/laurenerolland.fr\/index.php?rest_route=%2Fwp%2Fv2%2Fcomments&post=1162"}],"version-history":[{"count":8,"href":"https:\/\/laurenerolland.fr\/index.php?rest_route=\/wp\/v2\/pages\/1162\/revisions"}],"predecessor-version":[{"id":1447,"href":"https:\/\/laurenerolland.fr\/index.php?rest_route=\/wp\/v2\/pages\/1162\/revisions\/1447"}],"wp:attachment":[{"href":"https:\/\/laurenerolland.fr\/index.php?rest_route=%2Fwp%2Fv2%2Fmedia&parent=1162"}],"curies":[{"name":"wp","href":"https:\/\/api.w.org\/{rel}","templated":true}]}}