{"id":115,"date":"2023-07-01T13:09:49","date_gmt":"2023-07-01T13:09:49","guid":{"rendered":"https:\/\/laurenerolland.fr\/?page_id=115"},"modified":"2026-01-17T16:08:33","modified_gmt":"2026-01-17T16:08:33","slug":"grande-reserve-by-highsociety","status":"publish","type":"page","link":"https:\/\/laurenerolland.fr\/?page_id=115","title":{"rendered":"Grande r\u00e9serve"},"content":{"rendered":"\n<div class=\"wp-block-columns is-style-default is-layout-flex wp-container-core-columns-is-layout-2 wp-block-columns-is-layout-flex\">\n<div class=\"wp-block-column is-content-justification-center is-layout-constrained wp-container-core-column-is-layout-3 wp-block-column-is-layout-constrained\" style=\"flex-basis:2800px\">\n<div class=\"wp-block-columns is-layout-flex wp-container-core-columns-is-layout-1 wp-block-columns-is-layout-flex\" style=\"border-style:none;border-width:0px;border-radius:0px\">\n<div class=\"wp-block-column is-layout-flow wp-block-column-is-layout-flow\" style=\"border-style:none;border-width:0px;padding-top:0;padding-right:0;padding-bottom:0;padding-left:0;flex-basis:34.42%\">\n<p style=\"font-size:clamp(14px, 0.875rem + ((1vw - 3.2px) * 0.185), 16px);font-style:normal;font-weight:100;line-height:1.4\">Grande R\u00e9serve est une gamme de fleurs de CBD de premi\u00e8re qualit\u00e9 qui tire son inspiration des lieux embl\u00e9matiques associ\u00e9s aux meilleures vari\u00e9t\u00e9s de la cannabis culture.<br><br>Son identit\u00e9 visuelle repose sur des cartes du monde, accompagn\u00e9es d&rsquo;\u00e9l\u00e9ments graphiques \u00e9vocateurs, qui renforcent l&rsquo;authenticit\u00e9 du produit.<\/p>\n<\/div>\n\n\n\n<div class=\"wp-block-column is-layout-flow wp-block-column-is-layout-flow\" style=\"flex-basis:65.58%\">\n<figure class=\"wp-block-image alignright size-large is-resized\"><img fetchpriority=\"high\" decoding=\"async\" width=\"2560\" height=\"2560\" src=\"https:\/\/laurenerolland.fr\/wp-content\/uploads\/2023\/12\/Pic_9_16_Grande-Reserve_Norman-Manley-edited-scaled.jpg\" alt=\"\" class=\"wp-image-690\" style=\"width:555px\" srcset=\"https:\/\/laurenerolland.fr\/wp-content\/uploads\/2023\/12\/Pic_9_16_Grande-Reserve_Norman-Manley-edited-scaled.jpg 2560w, https:\/\/laurenerolland.fr\/wp-content\/uploads\/2023\/12\/Pic_9_16_Grande-Reserve_Norman-Manley-edited-300x300.jpg 300w, https:\/\/laurenerolland.fr\/wp-content\/uploads\/2023\/12\/Pic_9_16_Grande-Reserve_Norman-Manley-edited-1024x1024.jpg 1024w, https:\/\/laurenerolland.fr\/wp-content\/uploads\/2023\/12\/Pic_9_16_Grande-Reserve_Norman-Manley-edited-150x150.jpg 150w, https:\/\/laurenerolland.fr\/wp-content\/uploads\/2023\/12\/Pic_9_16_Grande-Reserve_Norman-Manley-edited-768x768.jpg 768w, https:\/\/laurenerolland.fr\/wp-content\/uploads\/2023\/12\/Pic_9_16_Grande-Reserve_Norman-Manley-edited-1536x1536.jpg 1536w, https:\/\/laurenerolland.fr\/wp-content\/uploads\/2023\/12\/Pic_9_16_Grande-Reserve_Norman-Manley-edited-2048x2048.jpg 2048w\" sizes=\"(max-width: 2560px) 100vw, 2560px\" \/><\/figure>\n<\/div>\n<\/div>\n<\/div>\n<\/div>\n\n\n\n<figure class=\"wp-block-image size-large\"><img decoding=\"async\" width=\"2560\" height=\"1080\" src=\"https:\/\/laurenerolland.fr\/wp-content\/uploads\/2024\/01\/yves-alarie-BXk-N2fPLYo-unsplash-edited-scaled.jpg\" alt=\"\" class=\"wp-image-772\" srcset=\"https:\/\/laurenerolland.fr\/wp-content\/uploads\/2024\/01\/yves-alarie-BXk-N2fPLYo-unsplash-edited-scaled.jpg 2560w, https:\/\/laurenerolland.fr\/wp-content\/uploads\/2024\/01\/yves-alarie-BXk-N2fPLYo-unsplash-edited-300x127.jpg 300w, https:\/\/laurenerolland.fr\/wp-content\/uploads\/2024\/01\/yves-alarie-BXk-N2fPLYo-unsplash-edited-1024x432.jpg 1024w, https:\/\/laurenerolland.fr\/wp-content\/uploads\/2024\/01\/yves-alarie-BXk-N2fPLYo-unsplash-edited-768x324.jpg 768w, https:\/\/laurenerolland.fr\/wp-content\/uploads\/2024\/01\/yves-alarie-BXk-N2fPLYo-unsplash-edited-1536x648.jpg 1536w, https:\/\/laurenerolland.fr\/wp-content\/uploads\/2024\/01\/yves-alarie-BXk-N2fPLYo-unsplash-edited-2048x864.jpg 2048w\" sizes=\"(max-width: 2560px) 100vw, 2560px\" \/><\/figure>\n\n\n\n<div class=\"wp-block-columns is-layout-flex wp-container-core-columns-is-layout-3 wp-block-columns-is-layout-flex\">\n<div class=\"wp-block-column is-layout-flow wp-block-column-is-layout-flow\">\n<figure class=\"wp-block-image size-large\"><img decoding=\"async\" width=\"724\" height=\"1024\" src=\"https:\/\/laurenerolland.fr\/wp-content\/uploads\/2023\/10\/Affiche_Grande-Reserve-_1-724x1024.jpg\" alt=\"\" class=\"wp-image-544\" srcset=\"https:\/\/laurenerolland.fr\/wp-content\/uploads\/2023\/10\/Affiche_Grande-Reserve-_1-724x1024.jpg 724w, https:\/\/laurenerolland.fr\/wp-content\/uploads\/2023\/10\/Affiche_Grande-Reserve-_1-212x300.jpg 212w, https:\/\/laurenerolland.fr\/wp-content\/uploads\/2023\/10\/Affiche_Grande-Reserve-_1-768x1086.jpg 768w, https:\/\/laurenerolland.fr\/wp-content\/uploads\/2023\/10\/Affiche_Grande-Reserve-_1-1086x1536.jpg 1086w, https:\/\/laurenerolland.fr\/wp-content\/uploads\/2023\/10\/Affiche_Grande-Reserve-_1-1448x2048.jpg 1448w, https:\/\/laurenerolland.fr\/wp-content\/uploads\/2023\/10\/Affiche_Grande-Reserve-_1-scaled.jpg 1810w\" sizes=\"(max-width: 724px) 100vw, 724px\" \/><\/figure>\n<\/div>\n\n\n\n<div class=\"wp-block-column is-layout-flow wp-block-column-is-layout-flow\">\n<figure class=\"wp-block-image size-large\"><img loading=\"lazy\" decoding=\"async\" width=\"724\" height=\"1024\" src=\"https:\/\/laurenerolland.fr\/wp-content\/uploads\/2023\/10\/Affiche_Grande-Reserve-_2-724x1024.jpg\" alt=\"\" class=\"wp-image-545\" srcset=\"https:\/\/laurenerolland.fr\/wp-content\/uploads\/2023\/10\/Affiche_Grande-Reserve-_2-724x1024.jpg 724w, https:\/\/laurenerolland.fr\/wp-content\/uploads\/2023\/10\/Affiche_Grande-Reserve-_2-212x300.jpg 212w, https:\/\/laurenerolland.fr\/wp-content\/uploads\/2023\/10\/Affiche_Grande-Reserve-_2-768x1086.jpg 768w, https:\/\/laurenerolland.fr\/wp-content\/uploads\/2023\/10\/Affiche_Grande-Reserve-_2-1086x1536.jpg 1086w, https:\/\/laurenerolland.fr\/wp-content\/uploads\/2023\/10\/Affiche_Grande-Reserve-_2-1448x2048.jpg 1448w, https:\/\/laurenerolland.fr\/wp-content\/uploads\/2023\/10\/Affiche_Grande-Reserve-_2-scaled.jpg 1810w\" sizes=\"(max-width: 724px) 100vw, 724px\" \/><\/figure>\n<\/div>\n<\/div>\n\n\n\n<div class=\"wp-block-columns is-layout-flex wp-container-core-columns-is-layout-4 wp-block-columns-is-layout-flex\">\n<div class=\"wp-block-column is-layout-flow wp-block-column-is-layout-flow\">\n<figure class=\"wp-block-image size-large\"><img loading=\"lazy\" decoding=\"async\" width=\"1744\" height=\"2560\" src=\"https:\/\/laurenerolland.fr\/wp-content\/uploads\/2023\/12\/Visu_9_16_Grande-Reserve-1-edited-scaled.jpg\" alt=\"\" class=\"wp-image-693\" srcset=\"https:\/\/laurenerolland.fr\/wp-content\/uploads\/2023\/12\/Visu_9_16_Grande-Reserve-1-edited-scaled.jpg 1744w, https:\/\/laurenerolland.fr\/wp-content\/uploads\/2023\/12\/Visu_9_16_Grande-Reserve-1-edited-204x300.jpg 204w, https:\/\/laurenerolland.fr\/wp-content\/uploads\/2023\/12\/Visu_9_16_Grande-Reserve-1-edited-698x1024.jpg 698w, https:\/\/laurenerolland.fr\/wp-content\/uploads\/2023\/12\/Visu_9_16_Grande-Reserve-1-edited-768x1127.jpg 768w, https:\/\/laurenerolland.fr\/wp-content\/uploads\/2023\/12\/Visu_9_16_Grande-Reserve-1-edited-1046x1536.jpg 1046w, https:\/\/laurenerolland.fr\/wp-content\/uploads\/2023\/12\/Visu_9_16_Grande-Reserve-1-edited-1395x2048.jpg 1395w\" sizes=\"(max-width: 1744px) 100vw, 1744px\" \/><\/figure>\n<\/div>\n\n\n\n<div class=\"wp-block-column is-layout-flow wp-block-column-is-layout-flow\">\n<figure class=\"wp-block-image size-large\"><img loading=\"lazy\" decoding=\"async\" width=\"704\" height=\"1024\" src=\"https:\/\/laurenerolland.fr\/wp-content\/uploads\/2023\/12\/Pic_9_16_Grande-Reserve_Kashmir-Hills-704x1024.jpg\" alt=\"\" class=\"wp-image-692\" srcset=\"https:\/\/laurenerolland.fr\/wp-content\/uploads\/2023\/12\/Pic_9_16_Grande-Reserve_Kashmir-Hills-704x1024.jpg 704w, https:\/\/laurenerolland.fr\/wp-content\/uploads\/2023\/12\/Pic_9_16_Grande-Reserve_Kashmir-Hills-206x300.jpg 206w, https:\/\/laurenerolland.fr\/wp-content\/uploads\/2023\/12\/Pic_9_16_Grande-Reserve_Kashmir-Hills-768x1118.jpg 768w, https:\/\/laurenerolland.fr\/wp-content\/uploads\/2023\/12\/Pic_9_16_Grande-Reserve_Kashmir-Hills-1055x1536.jpg 1055w, https:\/\/laurenerolland.fr\/wp-content\/uploads\/2023\/12\/Pic_9_16_Grande-Reserve_Kashmir-Hills-1407x2048.jpg 1407w, https:\/\/laurenerolland.fr\/wp-content\/uploads\/2023\/12\/Pic_9_16_Grande-Reserve_Kashmir-Hills-scaled.jpg 1759w\" sizes=\"(max-width: 704px) 100vw, 704px\" \/><\/figure>\n<\/div>\n<\/div>\n","protected":false},"excerpt":{"rendered":"<p>Grande R\u00e9serve est une gamme de fleurs de CBD de premi\u00e8re qualit\u00e9 qui tire son inspiration des lieux embl\u00e9matiques associ\u00e9s aux meilleures vari\u00e9t\u00e9s de la cannabis culture. Son identit\u00e9 visuelle repose sur des cartes du monde, accompagn\u00e9es d&rsquo;\u00e9l\u00e9ments graphiques \u00e9vocateurs, qui renforcent l&rsquo;authenticit\u00e9 du produit.<\/p>\n","protected":false},"author":1,"featured_media":0,"parent":0,"menu_order":0,"comment_status":"closed","ping_status":"closed","template":"","meta":{"footnotes":""},"class_list":["post-115","page","type-page","status-publish","hentry"],"_links":{"self":[{"href":"https:\/\/laurenerolland.fr\/index.php?rest_route=\/wp\/v2\/pages\/115","targetHints":{"allow":["GET"]}}],"collection":[{"href":"https:\/\/laurenerolland.fr\/index.php?rest_route=\/wp\/v2\/pages"}],"about":[{"href":"https:\/\/laurenerolland.fr\/index.php?rest_route=\/wp\/v2\/types\/page"}],"author":[{"embeddable":true,"href":"https:\/\/laurenerolland.fr\/index.php?rest_route=\/wp\/v2\/users\/1"}],"replies":[{"embeddable":true,"href":"https:\/\/laurenerolland.fr\/index.php?rest_route=%2Fwp%2Fv2%2Fcomments&post=115"}],"version-history":[{"count":30,"href":"https:\/\/laurenerolland.fr\/index.php?rest_route=\/wp\/v2\/pages\/115\/revisions"}],"predecessor-version":[{"id":1445,"href":"https:\/\/laurenerolland.fr\/index.php?rest_route=\/wp\/v2\/pages\/115\/revisions\/1445"}],"wp:attachment":[{"href":"https:\/\/laurenerolland.fr\/index.php?rest_route=%2Fwp%2Fv2%2Fmedia&parent=115"}],"curies":[{"name":"wp","href":"https:\/\/api.w.org\/{rel}","templated":true}]}}